{"id":1711,"date":"2021-11-21T15:14:41","date_gmt":"2021-11-21T15:14:41","guid":{"rendered":"https:\/\/entremedis.ch\/?page_id=1711"},"modified":"2024-04-01T16:05:18","modified_gmt":"2024-04-01T16:05:18","slug":"services","status":"publish","type":"page","link":"https:\/\/entremedis.ch\/?page_id=1711","title":{"rendered":"Services"},"content":{"rendered":"\t\t<div data-elementor-type=\"wp-page\" data-elementor-id=\"1711\" class=\"elementor elementor-1711\">\n\t\t\t\t\t\t\t<div class=\"elementor-element elementor-element-ed5342b e-flex e-con-boxed e-con e-parent\" data-id=\"ed5342b\" data-element_type=\"container\" data-settings=\"{&quot;background_background&quot;:&quot;classic&quot;,&quot;content_width&quot;:&quot;boxed&quot;}\" data-core-v316-plus=\"true\">\n\t\t\t\t\t<div class=\"e-con-inner\">\n\t\t<div class=\"elementor-element elementor-element-0c73a23 e-con-full e-flex e-con e-child\" data-id=\"0c73a23\" data-element_type=\"container\" data-settings=\"{&quot;content_width&quot;:&quot;full&quot;}\">\n\t\t\t\t<div class=\"elementor-element elementor-element-e3ee3a0 elementor-widget elementor-widget-heading\" data-id=\"e3ee3a0\" data-element_type=\"widget\" data-widget_type=\"heading.default\">\n\t\t\t\t<div class=\"elementor-widget-container\">\n\t\t\t<style>\/*! elementor - v3.18.0 - 08-12-2023 *\/\n.elementor-heading-title{padding:0;margin:0;line-height:1}.elementor-widget-heading .elementor-heading-title[class*=elementor-size-]>a{color:inherit;font-size:inherit;line-height:inherit}.elementor-widget-heading .elementor-heading-title.elementor-size-small{font-size:15px}.elementor-widget-heading .elementor-heading-title.elementor-size-medium{font-size:19px}.elementor-widget-heading .elementor-heading-title.elementor-size-large{font-size:29px}.elementor-widget-heading .elementor-heading-title.elementor-size-xl{font-size:39px}.elementor-widget-heading .elementor-heading-title.elementor-size-xxl{font-size:59px}<\/style><h1 class=\"elementor-heading-title elementor-size-default\">Unser Angebot<\/h1>\t\t<\/div>\n\t\t\t\t<\/div>\n\t\t\t\t<\/div>\n\t\t\t\t\t<\/div>\n\t\t\t\t<\/div>\n\t\t\t\t<section class=\"elementor-section elementor-top-section elementor-element elementor-element-41ea7d35 elementor-section-boxed elementor-section-height-default elementor-section-height-default\" data-id=\"41ea7d35\" data-element_type=\"section\">\n\t\t\t\t\t\t<div class=\"elementor-container elementor-column-gap-wide\">\n\t\t\t\t\t<div class=\"elementor-column elementor-col-50 elementor-top-column elementor-element elementor-element-30dea0fb\" data-id=\"30dea0fb\" data-element_type=\"column\">\n\t\t\t<div class=\"elementor-widget-wrap elementor-element-populated\">\n\t\t\t\t\t\t\t\t<div class=\"elementor-element elementor-element-4c22988e elementor-widget elementor-widget-image\" data-id=\"4c22988e\" data-element_type=\"widget\" data-widget_type=\"image.default\">\n\t\t\t\t<div class=\"elementor-widget-container\">\n\t\t\t<style>\/*! elementor - v3.18.0 - 08-12-2023 *\/\n.elementor-widget-image{text-align:center}.elementor-widget-image a{display:inline-block}.elementor-widget-image a img[src$=\".svg\"]{width:48px}.elementor-widget-image img{vertical-align:middle;display:inline-block}<\/style>\t\t\t\t\t\t\t\t\t\t\t\t<img fetchpriority=\"high\" decoding=\"async\" width=\"2560\" height=\"1706\" src=\"https:\/\/entremedis.ch\/wp-content\/uploads\/2024\/01\/patty-brito-Y-3Dt0us7e0-unsplash-scaled.jpg\" class=\"attachment-full size-full wp-image-1824\" alt=\"\" srcset=\"https:\/\/entremedis.ch\/wp-content\/uploads\/2024\/01\/patty-brito-Y-3Dt0us7e0-unsplash-scaled.jpg 2560w, https:\/\/entremedis.ch\/wp-content\/uploads\/2024\/01\/patty-brito-Y-3Dt0us7e0-unsplash-300x200.jpg 300w, https:\/\/entremedis.ch\/wp-content\/uploads\/2024\/01\/patty-brito-Y-3Dt0us7e0-unsplash-1024x683.jpg 1024w, https:\/\/entremedis.ch\/wp-content\/uploads\/2024\/01\/patty-brito-Y-3Dt0us7e0-unsplash-768x512.jpg 768w, https:\/\/entremedis.ch\/wp-content\/uploads\/2024\/01\/patty-brito-Y-3Dt0us7e0-unsplash-1536x1024.jpg 1536w, https:\/\/entremedis.ch\/wp-content\/uploads\/2024\/01\/patty-brito-Y-3Dt0us7e0-unsplash-2048x1365.jpg 2048w\" sizes=\"(max-width: 2560px) 100vw, 2560px\" \/>\t\t\t\t\t\t\t\t\t\t\t\t\t\t\t<\/div>\n\t\t\t\t<\/div>\n\t\t\t\t<div class=\"elementor-element elementor-element-1c15f2f7 elementor-widget elementor-widget-heading\" data-id=\"1c15f2f7\" data-element_type=\"widget\" data-widget_type=\"heading.default\">\n\t\t\t\t<div class=\"elementor-widget-container\">\n\t\t\t<h4 class=\"elementor-heading-title elementor-size-default\"><a href=\"https:\/\/entremedis.ch\/?page_id=1711\">Pflegepersonal<\/a><\/h4>\t\t<\/div>\n\t\t\t\t<\/div>\n\t\t\t\t<div class=\"elementor-element elementor-element-1ebc1601 elementor-widget elementor-widget-text-editor\" data-id=\"1ebc1601\" data-element_type=\"widget\" data-widget_type=\"text-editor.default\">\n\t\t\t\t<div class=\"elementor-widget-container\">\n\t\t\t<style>\/*! elementor - v3.18.0 - 08-12-2023 *\/\n.elementor-widget-text-editor.elementor-drop-cap-view-stacked .elementor-drop-cap{background-color:#69727d;color:#fff}.elementor-widget-text-editor.elementor-drop-cap-view-framed .elementor-drop-cap{color:#69727d;border:3px solid;background-color:transparent}.elementor-widget-text-editor:not(.elementor-drop-cap-view-default) .elementor-drop-cap{margin-top:8px}.elementor-widget-text-editor:not(.elementor-drop-cap-view-default) .elementor-drop-cap-letter{width:1em;height:1em}.elementor-widget-text-editor .elementor-drop-cap{float:left;text-align:center;line-height:1;font-size:50px}.elementor-widget-text-editor .elementor-drop-cap-letter{display:inline-block}<\/style>\t\t\t\t<p>Sie suchen eine neue Stelle \u2013 tempor\u00e4r, l\u00e4ngerfristig, spontan oder im Voraus geplant? Wir finden f\u00fcr Sie das passende Angebot im Arbeitsmarkt. Sie profitieren von geringem pers\u00f6nlichem Aufwand und ausserordentlicher Verg\u00fctung.<\/p><p>\u00a0<\/p><p>\u00a0 \u00a0 \u00a0 \u00a0 \u00a0 \u00a0 \u00a0 \u00a0 \u00a0 \u00a0 \u00a0 \u00a0 \u00a0 \u00a0 \u00a0 \u00a0 \u00a0 \u00a0 \u00a0_________<b style=\"font-style: inherit; color: var(--ast-global-color-3); background-color: var(--ast-global-color-5);\">\u00a0<\/b><\/p><p><b style=\"font-style: inherit; background-color: var(--ast-global-color-5); color: var(--ast-global-color-3);\">\u00a0<\/b><\/p><p><b style=\"font-style: inherit; background-color: var(--ast-global-color-5); color: var(--ast-global-color-3);\">Position:<\/b><span style=\"font-style: inherit; font-weight: inherit; background-color: var(--ast-global-color-5); color: var(--ast-global-color-3);\"> variables Pensum<\/span><\/p><p><strong>Standort:<\/strong> gesamte Deutschschweiz<\/p><p><strong>Grundlohn:<\/strong> ca. 58 CHF pro Stunde (abh\u00e4ngig von Qualifikation und Erfahrung).<\/p><p>Intensivpflege: ca. 70 CHF pro Stunde (abh\u00e4ngig von vermittelter Stelle)<\/p><p><strong>Zus\u00e4tzlich:<\/strong> Attraktive Zuschl\u00e4ge f\u00fcr Nacht- und Wochenenddienst<\/p><p>\u00a0<\/p><p><strong>Ihre Aufgaben:<\/strong><\/p><p>\u00a0<\/p><ul><li>Bereitstellung erstklassiger Pflege in verschiedenen Einrichtungen<\/li><li>Flexibler Einsatz in verschiedenen Schichten<\/li><li>Teamarbeit und enge Zusammenarbeit mit medizinischem Personal<\/li><li>Sicherstellen einer patientenorientierten Versorgung<\/li><\/ul><p><strong>Was wir bieten:<\/strong><\/p><p>\u00a0<\/p><ul><li>Attraktiver Grundlohn<\/li><li>Grossz\u00fcgige Zuschl\u00e4ge f\u00fcr Nacht- und Wochenenddienst<\/li><li>Jobberatung mit individueller Planung ihrer Arbeitseins\u00e4tze<\/li><li>M\u00f6glichkeiten zur beruflichen Weiterentwicklung und Fortbildung<\/li><li>Unterst\u00fctzende Arbeitsumgebung und Teamkultur<\/li><li>Flexibilit\u00e4t in der Arbeitszeitgestaltung<\/li><li>Geringer administrativer Aufwand f\u00fcr Sie<\/li><li>Sozialverantwortung und die M\u00f6glichkeit, einen positiven Beitrag zum Gesundheitswesen zu leisten<\/li><\/ul><p><strong>Ihre Qualifikationen:<\/strong><\/p><p>\u00a0<\/p><ul><li>Abgeschlossene Ausbildung zur Pflegefachperson<\/li><li>Berufserfahrung in der Pflege von Vorteil<\/li><li>Flexibilit\u00e4t und Bereitschaft zur Schichtarbeit<\/li><li>Kommunikationsf\u00e4higkeiten und Teamgeist<\/li><li>Hohe Einsatzbereitschaft und Mitgef\u00fchl f\u00fcr Patientinnen und Patienten<\/li><\/ul>\t\t\t\t\t\t<\/div>\n\t\t\t\t<\/div>\n\t\t\t\t\t<\/div>\n\t\t<\/div>\n\t\t\t\t<div class=\"elementor-column elementor-col-50 elementor-top-column elementor-element elementor-element-37759512\" data-id=\"37759512\" data-element_type=\"column\">\n\t\t\t<div class=\"elementor-widget-wrap elementor-element-populated\">\n\t\t\t\t\t\t\t\t<div class=\"elementor-element elementor-element-def33d1 elementor-widget elementor-widget-image\" data-id=\"def33d1\" data-element_type=\"widget\" data-widget_type=\"image.default\">\n\t\t\t\t<div class=\"elementor-widget-container\">\n\t\t\t\t\t\t\t\t\t\t\t\t\t\t\t<img decoding=\"async\" width=\"1706\" height=\"1139\" src=\"https:\/\/entremedis.ch\/wp-content\/uploads\/2024\/01\/omar-lopez-SwDgZX29BZI-unsplash-1-scaled-e1705262022619.jpg\" class=\"attachment-full size-full wp-image-1870\" alt=\"\" srcset=\"https:\/\/entremedis.ch\/wp-content\/uploads\/2024\/01\/omar-lopez-SwDgZX29BZI-unsplash-1-scaled-e1705262022619.jpg 1706w, https:\/\/entremedis.ch\/wp-content\/uploads\/2024\/01\/omar-lopez-SwDgZX29BZI-unsplash-1-scaled-e1705262022619-300x200.jpg 300w, https:\/\/entremedis.ch\/wp-content\/uploads\/2024\/01\/omar-lopez-SwDgZX29BZI-unsplash-1-scaled-e1705262022619-1024x684.jpg 1024w, https:\/\/entremedis.ch\/wp-content\/uploads\/2024\/01\/omar-lopez-SwDgZX29BZI-unsplash-1-scaled-e1705262022619-768x513.jpg 768w, https:\/\/entremedis.ch\/wp-content\/uploads\/2024\/01\/omar-lopez-SwDgZX29BZI-unsplash-1-scaled-e1705262022619-1536x1026.jpg 1536w\" sizes=\"(max-width: 1706px) 100vw, 1706px\" \/>\t\t\t\t\t\t\t\t\t\t\t\t\t\t\t<\/div>\n\t\t\t\t<\/div>\n\t\t\t\t<div class=\"elementor-element elementor-element-3b93b46d elementor-widget elementor-widget-heading\" data-id=\"3b93b46d\" data-element_type=\"widget\" data-widget_type=\"heading.default\">\n\t\t\t\t<div class=\"elementor-widget-container\">\n\t\t\t<h4 class=\"elementor-heading-title elementor-size-default\"><a href=\"https:\/\/entremedis.ch\/?page_id=1711\">Verhilf deinen FreundInnen zum Traumjob<span style=\"color: var(--ast-global-color-2); font-size: 1.41176rem; font-style: inherit; background-color: var(--ast-global-color-5);\"><\/span><br><\/a><\/h4>\t\t<\/div>\n\t\t\t\t<\/div>\n\t\t\t\t<div class=\"elementor-element elementor-element-106403e1 elementor-widget elementor-widget-text-editor\" data-id=\"106403e1\" data-element_type=\"widget\" data-widget_type=\"text-editor.default\">\n\t\t\t\t<div class=\"elementor-widget-container\">\n\t\t\t\t\t\t\t<p>Bist du begeistert von deiner Arbeit als Pflegekraft und kennst jemanden, der ebenfalls diese Leidenschaft teilt? Wir geben dir die Gelegenheit, nicht nur anderen zu helfen, ihren Traumjob zu finden, sondern auch selbst davon zu profitieren. Selbstverst\u00e4ndlich kannst du auch vom Angebot profitieren, wenn du selbst nicht in der Pflege arbeitest.<\/p>\n<p><\/p>\n<p>&nbsp; &nbsp; &nbsp; &nbsp; &nbsp; &nbsp; &nbsp; &nbsp; &nbsp; &nbsp; &nbsp; &nbsp; &nbsp; &nbsp; &nbsp; &nbsp; &nbsp; &nbsp; _________<\/p>\n<p><\/p>\n<p><strong>Unser Angebot:<\/strong><\/p>\n<ul>\n<li>Bei erfolgreicher Vermittlung einer Pflegekraft an uns erh\u00e4ltst du eine grossz\u00fcgige Provision von 1 CHF pro gearbeiteter Stunde der vermittelten Person.<\/li>\n<li>Es gibt keine Begrenzung f\u00fcr die Anzahl der Pflegekr\u00e4fte, die du empfehlen kannst. Je mehr du empfiehlst, desto mehr verdienst du!<\/li>\n<li>Deine Empfehlungen haben die M\u00f6glichkeit, in einem erstklassigen Tempor\u00e4rb\u00fcro im Gesundheitswesen zu arbeiten, mit wettbewerbsf\u00e4higer Bezahlung und attraktiven Zusatzleistungen.<\/li>\n<\/ul>\n<p><strong>So funktioniert es:<\/strong><\/p>\n<p><\/p>\n<ol>\n<li>Empfehle uns deine Freunde und Kollegen, die in der Pflege t\u00e4tig sind.<\/li>\n<li>Wenn deine Empfehlungen erfolgreich bei uns starten und arbeiten, verdienen sowohl du als auch sie.<\/li>\n<li>Du erh\u00e4ltst eine Provision von 1 CHF f\u00fcr jede Arbeitsstunde deiner vermittelten Pflegekr\u00e4fte. Das sind bei 100% Anstellung ca. <strong>2000 CHF pro Jahr<\/strong>, die du bekommst!<\/li>\n<\/ol>\n<p><strong>Deine Vorteile:<\/strong><\/p>\n<p><\/p>\n<ul>\n<li>Du verdienst extra Geld, w\u00e4hrend du anderen hilfst, grossartige Karrierem\u00f6glichkeiten zu entdecken.<\/li>\n<li>Unterst\u00fctze deine Freunde und Kolleginnen bei der Suche nach flexiblen Arbeitsm\u00f6glichkeiten mit bester Bezahlung.<\/li>\n<\/ul>\n<p>Mache mit bei unserer Empfehlungsaktion und helfe deinem sozialen Netzwerk, grossartige berufliche Chancen zu nutzen. Gemeinsam k\u00f6nnen wir das Gesundheitswesen verbessern und dem Pflegemangel entgegenwirken.<\/p>\n<p>Interessiert? Kontaktiere deine Freunde und starte deine Empfehlungsreise! Wenn sie einverstanden sind, kannst du uns ihre Kontaktdaten geben, damit wir sie kontaktieren k\u00f6nnen. Wir sind immer erreichbar \u00fcber das Kontaktformular.<\/p>\n<p><\/p>\t\t\t\t\t\t<\/div>\n\t\t\t\t<\/div>\n\t\t\t\t\t<\/div>\n\t\t<\/div>\n\t\t\t\t\t\t\t<\/div>\n\t\t<\/section>\n\t\t<div class=\"elementor-element elementor-element-a07a2b9 e-flex e-con-boxed e-con e-parent\" data-id=\"a07a2b9\" data-element_type=\"container\" data-settings=\"{&quot;background_background&quot;:&quot;classic&quot;,&quot;content_width&quot;:&quot;boxed&quot;}\" data-core-v316-plus=\"true\">\n\t\t\t\t\t<div class=\"e-con-inner\">\n\t\t<div class=\"elementor-element elementor-element-db992c8 e-con-full e-flex e-con e-child\" data-id=\"db992c8\" data-element_type=\"container\" data-settings=\"{&quot;content_width&quot;:&quot;full&quot;}\">\n\t\t\t\t<div class=\"elementor-element elementor-element-08e276e elementor-widget elementor-widget-heading\" data-id=\"08e276e\" data-element_type=\"widget\" data-widget_type=\"heading.default\">\n\t\t\t\t<div class=\"elementor-widget-container\">\n\t\t\t<h2 class=\"elementor-heading-title elementor-size-default\">Jetzt bewerben!<\/h2>\t\t<\/div>\n\t\t\t\t<\/div>\n\t\t\t\t<div class=\"elementor-element elementor-element-291d47f elementor-widget elementor-widget-text-editor\" data-id=\"291d47f\" data-element_type=\"widget\" data-widget_type=\"text-editor.default\">\n\t\t\t\t<div class=\"elementor-widget-container\">\n\t\t\t\t\t\t\t<p>Hast du Interesse mit uns zu arbeiten? Ben\u00f6tigst du weitere Informationen? Wir helfen dir gerne weiter.<\/p>\t\t\t\t\t\t<\/div>\n\t\t\t\t<\/div>\n\t\t\t\t<div class=\"elementor-element elementor-element-466fc8c elementor-align-center elementor-widget elementor-widget-button\" data-id=\"466fc8c\" data-element_type=\"widget\" data-widget_type=\"button.default\">\n\t\t\t\t<div class=\"elementor-widget-container\">\n\t\t\t\t\t<div class=\"elementor-button-wrapper\">\n\t\t\t<a class=\"elementor-button elementor-button-link elementor-size-sm\" href=\"https:\/\/entremedis.ch\/?page_id=1712\">\n\t\t\t\t\t\t<span class=\"elementor-button-content-wrapper\">\n\t\t\t\t\t\t<span class=\"elementor-button-text\">Kontaktiere uns!<\/span>\n\t\t<\/span>\n\t\t\t\t\t<\/a>\n\t\t<\/div>\n\t\t\t\t<\/div>\n\t\t\t\t<\/div>\n\t\t\t\t<\/div>\n\t\t\t\t\t<\/div>\n\t\t\t\t<\/div>\n\t\t\t\t\t\t\t<\/div>\n\t\t","protected":false},"excerpt":{"rendered":"<p>Unser Angebot Pflegepersonal Sie suchen eine neue Stelle \u2013 tempor\u00e4r, l\u00e4ngerfristig, spontan oder im Voraus geplant? Wir finden f\u00fcr Sie das passende Angebot im Arbeitsmarkt. Sie profitieren von geringem pers\u00f6nlichem Aufwand und ausserordentlicher Verg\u00fctung. \u00a0 \u00a0 \u00a0 \u00a0 \u00a0 \u00a0 \u00a0 \u00a0 \u00a0 \u00a0 \u00a0 \u00a0 \u00a0 \u00a0 \u00a0 \u00a0 \u00a0 \u00a0 \u00a0 \u00a0_________\u00a0 \u00a0 &hellip;<\/p>\n<p class=\"read-more\"> <a class=\"\" href=\"https:\/\/entremedis.ch\/?page_id=1711\"> <span class=\"screen-reader-text\">Services<\/span> Read More &raquo;<\/a><\/p>\n","protected":false},"author":2,"featured_media":0,"parent":0,"menu_order":0,"comment_status":"closed","ping_status":"closed","template":"","meta":{"site-sidebar-layout":"no-sidebar","site-content-layout":"page-builder","ast-site-content-layout":"","site-content-style":"default","site-sidebar-style":"default","ast-global-header-display":"","ast-banner-title-visibility":"","ast-main-header-display":"","ast-hfb-above-header-display":"","ast-hfb-below-header-display":"","ast-hfb-mobile-header-display":"","site-post-title":"disabled","ast-breadcrumbs-content":"","ast-featured-img":"disabled","footer-sml-layout":"","theme-transparent-header-meta":"enabled","adv-header-id-meta":"","stick-header-meta":"","header-above-stick-meta":"","header-main-stick-meta":"","header-below-stick-meta":"","astra-migrate-meta-layouts":"default","ast-page-background-enabled":"default","ast-page-background-meta":{"desktop":{"background-color":"var(--ast-global-color-4)","background-image":"","background-repeat":"repeat","background-position":"center center","background-size":"auto","background-attachment":"scroll","background-type":"","background-media":"","overlay-type":"","overlay-color":"","overlay-gradient":""},"tablet":{"background-color":"","background-image":"","background-repeat":"repeat","background-position":"center center","background-size":"auto","background-attachment":"scroll","background-type":"","background-media":"","overlay-type":"","overlay-color":"","overlay-gradient":""},"mobile":{"background-color":"","background-image":"","background-repeat":"repeat","background-position":"center center","background-size":"auto","background-attachment":"scroll","background-type":"","background-media":"","overlay-type":"","overlay-color":"","overlay-gradient":""}},"ast-content-background-meta":{"desktop":{"background-color":"var(--ast-global-color-5)","background-image":"","background-repeat":"repeat","background-position":"center center","background-size":"auto","background-attachment":"scroll","background-type":"","background-media":"","overlay-type":"","overlay-color":"","overlay-gradient":""},"tablet":{"background-color":"var(--ast-global-color-5)","background-image":"","background-repeat":"repeat","background-position":"center center","background-size":"auto","background-attachment":"scroll","background-type":"","background-media":"","overlay-type":"","overlay-color":"","overlay-gradient":""},"mobile":{"background-color":"var(--ast-global-color-5)","background-image":"","background-repeat":"repeat","background-position":"center center","background-size":"auto","background-attachment":"scroll","background-type":"","background-media":"","overlay-type":"","overlay-color":"","overlay-gradient":""}},"footnotes":""},"class_list":["post-1711","page","type-page","status-publish","hentry"],"_links":{"self":[{"href":"https:\/\/entremedis.ch\/index.php?rest_route=\/wp\/v2\/pages\/1711","targetHints":{"allow":["GET"]}}],"collection":[{"href":"https:\/\/entremedis.ch\/index.php?rest_route=\/wp\/v2\/pages"}],"about":[{"href":"https:\/\/entremedis.ch\/index.php?rest_route=\/wp\/v2\/types\/page"}],"author":[{"embeddable":true,"href":"https:\/\/entremedis.ch\/index.php?rest_route=\/wp\/v2\/users\/2"}],"replies":[{"embeddable":true,"href":"https:\/\/entremedis.ch\/index.php?rest_route=%2Fwp%2Fv2%2Fcomments&post=1711"}],"version-history":[{"count":144,"href":"https:\/\/entremedis.ch\/index.php?rest_route=\/wp\/v2\/pages\/1711\/revisions"}],"predecessor-version":[{"id":2163,"href":"https:\/\/entremedis.ch\/index.php?rest_route=\/wp\/v2\/pages\/1711\/revisions\/2163"}],"wp:attachment":[{"href":"https:\/\/entremedis.ch\/index.php?rest_route=%2Fwp%2Fv2%2Fmedia&parent=1711"}],"curies":[{"name":"wp","href":"https:\/\/api.w.org\/{rel}","templated":true}]}}